Calculate the greatest common factor of 915 and 30.
15
Calculate the highest common factor of 44 and 788.
4
What is the greatest common factor of 1104 and 336?
48
What is the greatest common divisor of 85 and 629?
17
What is the highest common divisor of 56 and 84?
28
Calculate the greatest common divisor of 230 and 1012.
46
What is the highest common factor of 22 and 278?
2
What is the greatest common factor of 11012 and 4?
4
Calculate the highest common divisor of 52 and 2860.
52
What is the greatest common divisor of 10 and 6005?
5
Calculate the highest common divisor of 29 and 464.
29
What is the greatest common divisor of 4 and 944?
4
Calculate the highest common factor of 745 and 60.
5
Calculate the greatest common divisor of 96 and 78.
6
Calculate the highest common divisor of 87 and 58.
29
What is the highest common divisor of 21 and 1547?
7
Calculate the highest common factor of 448 and 154.
14
What is the highest common factor of 4 and 3?
1
Calculate the greatest common factor of 468 and 684.
36
Calculate the greatest common factor of 7436 and 132.
44
What is the greatest common factor of 15 and 11085?
15
Calculate the greatest common divisor of 6 and 57.
3
What is the highest common factor of 208 and 650?
26
What is the highest common divisor of 320 and 240?
80
What is the highest common factor of 12 and 6?
6
Calculate the greatest common factor of 27 and 15.
3
What is the highest common factor of 112 and 48?
16
What is the highest common divisor of 105 and 45?
15
What is the highest common factor of 1656 and 322?
46
Calculate the highest common factor of 19 and 4313.
19
Calculate the highest common factor of 8 and 26.
2
Calculate the greatest common factor of 5 and 2615.
5
Calculate the greatest common factor of 18 and 36.
18
Calculate the highest common factor of 1749 and 462.
33
Calculate the greatest common factor of 70 and 2870.
70
Calculate the highest common factor of 154 and 147.
7
What is the greatest common divisor of 4890 and 652?
326
What is the greatest common factor of 72 and 828?
36
What is the highest common divisor of 459 and 27?
27
What is the highest common factor of 8687 and 476?
119
What is the greatest common factor of 1490 and 30?
10
What is the highest common factor of 300 and 800?
100
What is the highest common divisor of 14 and 4837?
7
What is the greatest common divisor of 1 and 529?
1
What is the highest common divisor of 909 and 9?
9
Calculate the greatest common factor of 258 and 946.
86
What is the greatest common divisor of 1775 and 50?
25
Calculate the greatest common divisor of 40 and 280.
40
Calculate the greatest common factor of 63 and 540.
9
What is the greatest common factor of 35 and 385?
35
Calculate the highest common factor of 85 and 323.
17
Calculate the greatest common factor of 118 and 2124.
118
What is the highest common divisor of 17 and 36788?
17
Calculate the highest common divisor of 12 and 84.
12
Calculate the greatest common factor of 1872 and 45.
9
Calculate the greatest common factor of 11900 and 51.
17
Calculate the highest common divisor of 119 and 49.
7
Calculate the greatest common divisor of 253 and 46.
23
Calculate the greatest common divisor of 126 and 90.
18
What is the highest common divisor of 37 and 21127?
37
Calculate the highest common divisor of 40 and 35.
5
What is the greatest common factor of 733 and 2?
1
Calculate the greatest common factor of 2616 and 218.
218
What is the greatest common factor of 132 and 33?
33
What is the highest common factor of 186 and 150?
6
What is the highest common divisor of 222 and 3441?
111
Calculate the greatest common divisor of 26 and 676.
26
What is the highest common divisor of 40 and 360?
40
Calculate the greatest common divisor of 63 and 14154.
21
Calculate the highest common divisor of 3 and 852.
3
What is the highest common divisor of 1343 and 85?
17
Calculate the greatest common factor of 10 and 215.
5
What is the highest common divisor of 12 and 2184?
12
What is the highest common divisor of 4 and 74?
2
What is the highest common factor of 53 and 689?
53
Calculate the greatest common factor of 2544 and 1431.
159
What is the greatest common factor of 3 and 237?
3
Calculate the greatest common divisor of 20821 and 47.
47
What is the highest common divisor of 175 and 275?
25
What is the highest common divisor of 186 and 2697?
93
Calculate the greatest common divisor of 885 and 4071.
177
What is the greatest common factor of 342 and 76?
38
What is the greatest common divisor of 12 and 36?
12
What is the greatest common divisor of 18 and 6813?
9
Calculate the highest common divisor of 516 and 24.
12
Calculate the greatest common divisor of 7065 and 10.
5
Calculate the highest common divisor of 412 and 12.
4
What is the highest common factor of 429 and 21307?
143
Calculate the highest common factor of 26244 and 1296.
324
Calculate the greatest common divisor of 7379 and 157.
157
Calculate the highest common factor of 308 and 539.
77
Calculate the greatest common divisor of 3 and 159.
3
What is the greatest common factor of 612 and 84?
12
Calculate the highest common factor of 147 and 18228.
147
What is the greatest common divisor of 6 and 417?
3
Calculate the greatest common divisor of 155 and 40.
5
Calculate the greatest common factor of 15 and 695.
5
Calculate the highest common factor of 2410 and 80.
10
What is the highest common factor of 74 and 1850?
74
Calculate the greatest common factor of 7 and 1505.
7
What is the highest common divisor of 210 and 350?
70
What is the highest common divisor of 9048 and 928?
232
Calculate the highest common factor of 259 and 148.
37
Calculate the greatest common factor of 644 and 276.
92
What is the greatest common divisor of 93 and 2976?
93
Calculate the highest common divisor of 196 and 700.
28
Calculate the highest common factor of 39 and 9529.
13
What is the greatest common factor of 572 and 44?
44
Calculate the highest common divisor of 24 and 588.
12
Calculate the greatest common factor of 264 and 99.
33
Calculate the highest common factor of 3 and 81.
3
Calculate the highest common factor of 135 and 189.
27
What is the greatest common factor of 204 and 238?
34
Calculate the greatest common factor of 948 and 36.
12
What is the greatest common divisor of 25 and 20?
5
Calculate the greatest common divisor of 114623 and 83.
83
What is the greatest common factor of 17 and 221?
17
What is the highest common factor of 2 and 22?
2
What is the highest common factor of 30 and 870?
30
What is the greatest common divisor of 957 and 232?
29
Calculate the highest common divisor of 12 and 18534.
6
What is the highest common divisor of 2988 and 36?
36
What is the greatest common factor of 1206 and 18?
18
Calculate the highest common factor of 2587 and 91.
13
Calculate the greatest common factor of 1676 and 28.
4
Calculate the greatest common factor of 176 and 3008.
16
What is the greatest common factor of 129 and 32551?
43
Calculate the greatest common divisor of 841 and 58.
29
What is the highest common divisor of 94 and 799?
47
Calculate the greatest common factor of 147 and 27.
3
Calculate the greatest common factor of 18 and 342.
18
What is the greatest common factor of 897 and 234?
39
Calculate the highest common divisor of 140 and 8365.
35
What is the highest common divisor of 14186 and 41?
41
What is the highest common factor of 31 and 93?
31
Calculate the greatest common divisor of 59 and 59.
59
What is the highest common factor of 3235 and 5?
5
Calculate the greatest common factor of 13 and 14313.
13
Calculate the highest common divisor of 1127 and 115.
23
What is the highest common divisor of 483 and 126?
21
Calculate the greatest common divisor of 364 and 1664.
52
Calculate the greatest common divisor of 1458 and 36.
18
Calculate the greatest common factor of 14 and 189.
7
Calculate the highest common divisor of 3277 and 2034.
113
What is the highest common factor of 508 and 4?
4
What is the greatest common divisor of 704 and 48?
16
Calculate the highest common factor of 16 and 17584.
16
What is the highest common divisor of 115 and 5?
5
What is the greatest common divisor of 12029 and 69?
23
Calculate the highest common factor of 1463 and 154.
77
Calculate the greatest common div